he units digit of h(m)?
0
Let m = 108 + -8. Suppose 16 - m = -3*v. Suppose -f + v = -11. What is the units digit of f?
9
Let n = -5294 + 23253. What is the ten thousands digit of n?
1
Let l(w) = 9*w**3 + 9*w**2 + 33*w - 293. What is the hundreds digit of l(10)?
9
Let g be (-20)/(-12)*(0 - 6). Let c be g*(-2)/(-6)*21/(-14). Suppose -2*i = -c*h - 66 - 233, -h - 5 = 0. What is the hundreds digit of i?
1
Let f(t) be the second derivative of -3*t**5/10 - t**4/2 + t**3/3 - 2*t**2 - 65*t. What is the hundreds digit of f(-5)?
5
Let a be -1 - (-114)/102 - 468/(-68). What is the units digit of (-66)/77 - (-930)/a?
2
Let n(k) be the third derivative of -k**6/120 + 9*k**5/20 - 19*k**4/8 + 31*k**3/6 - k**2 + 276*k. What is the tens digit of n(24)?
9
Suppose 0 = 2*u + u - 11416 - 35. What is the thousands digit of u?
3
Let c = 111 - 109. Suppose -n + 297 = -c*f, 3*f - 1499 + 79 = -5*n. What is the units digit of n?
7
Let m(l) = -2*l**2 - 23*l + 10. Let n = -65 - -53. Let y be m(n). What is the tens digit of -478*1*1/y?
3
Suppose r - 5*a + 54350 = 2*r, -5*r = a - 271582. What is the thousands digit of r?
4
Let g be (-20)/8 + 218/(-4). Let y be g/(-9) + 5/(-15). What is the tens digit of -1*(18/y - (73 - 1))?
6
Let l = -207 + 311. Let u = l - -509. What is the tens digit of u?
1
Let r(f) = -f**3 + 10*f**2 - 15*f - 17. Let t be r(7). Suppose -t + 61 = -2*q. What is the tens digit of ((-96)/q)/((-4)/(-138) - 0)?
8
Let g = -20 + 28. Let d be (-52)/(-5) - g/20. Suppose 21 + 49 = 5*z - i, 0 = -2*i + d. What is the units digit of z?
5
Let n be 9/(-4)*20/(-15). Suppose 151 = o - 5*j, -3*o + n*j + 405 = -0*o. Suppose 3*l = 73 + o. What is the tens digit of l?
6
Let p(s) = 98*s**2 - 69*s - 1139. What is the ten thousands digit of p(-13)?
1
Let t = 16494 - 16373. Suppose 2*a = 2*x + 204, -194 = -2*a - 0*a - 3*x. Let j = t - a. What is the units digit of j?
1
Let x = 28874 + 14152. What is the units digit of x?
6
What is the units digit of (3*(-23)/(-12))/((-54)/(-1944))?
7
Suppose 7592 = 5*s - 13*s. Let k = 1639 + s. Suppose -7*a + a = -k. What is the units digit of a?
5
Let o(m) = 53*m - 243. Let i be o(44). Suppose 0*u + i = 4*u + l, 2*l - 2086 = -4*u. What is the tens digit of u?
2
Let n(l) = 18*l - 18. Let o be n(1). Suppose -4*i + 6*i - 552 = -3*z, o = -5*z + 3*i + 939. What is the tens digit of z?
8
Suppose 0 = f - 4*g - 9143, -26*f + 4*g + 36536 = -22*f. What is the units digit of f?
1
Suppose -18*b - 63342 = -27*b. What is the units digit of b?
8
Let j(o) = -o**3 - 7*o**2 - 10*o - 27. Let m be j(-6). What is the tens digit of ((-1)/(-2))/(m/(-792))?
3
Suppose 24*k = k - 6511 + 272713. What is the units digit of k?
4
Let a = -445 + 515. Suppose 60*g + 7390 = a*g. What is the tens digit of g?
3
Suppose 0 = 3*z - 4*d - 95996, 4*d = 9*z + 8*d - 287908. What is the ten thousands digit of z?
3
Suppose 2*f - 1972 = -2*j + 2144, -2*f = -5*j + 10269. What is the hundreds digit of j?
0
Let v = 17570 - 12623. What is the units digit of v?
7
Suppose 5*s - 2*g = s + 18, 5*s - 3 = -4*g. Let d = -6 + s. What is the tens digit of (d - -1)/((-4)/146)?
7
Let d = 10090 - 7214. What is the units digit of d?
6
Suppose a = 49*a - 132642 - 686670. What is the units digit of a?
9
Let h(l) = 16*l - 24. Let k be h(23). What is the tens digit of k/(-6)*(-7)/((-35)/(-15))?
7
Let b(i) = -8*i**3 + 2*i**2 - 2*i - 2. Suppose -4*w + 149 = 153. Let o be b(w). Suppose -o*y + 1846 = 3*y. What is the units digit of y?
2
Suppose q + 2 = 4. Let x be ((q/(-4))/((-6)/(-312)))/(-1). What is the units digit of (-104)/(-6) + x/39?
8
Suppose -255969 - 421281 = -15*x. What is the ten thousands digit of x?
4
Suppose 2062 = 4*x + 210. Let p = 485 + x. What is the units digit of p?
8
Let j be (24/44)/((-9)/(-99)). What is the hundreds digit of (-982)/((j - 7) + -1)?
4
Let c(k) be the second derivative of k**6/360 - k**5/120 + 27*k**4/8 - 6*k**3 + 17*k. Let z(b) be the second derivative of c(b). What is the tens digit of z(0)?
8
Suppose -24*y + 22*y - 680 = 0. Let j be (24/10)/(-4*(-2)/y). What is the units digit of 0/(10/2) + (0 - j)?
2
Let z = -2 - -4. Let x(l) = 0*l + 11*l + 114*l**z - l**3 + 6 - 111*l**2. What is the units digit of x(-4)?
4
Let j = 770 + 1154. What is the units digit of j?
4
Let d(i) = -i**3 + 10*i**2 - i - 39. What is the hundreds digit of d(-18)?
0
Let b = 117 - -294. What is the units digit of b?
1
Let b(k) be the third derivative of k**6/20 - k**5/20 - k**4/6 + 4*k**3/3 - 31*k**2. Let x be b(4). Suppose 67*v - 71*v = -x. What is the tens digit of v?
8
What is the units digit of (-432 - -447)*(61/4)/((-10)/(-176))?
6
Let r(w) = 7 + 754*w**2 - 2*w + 16*w + w**3 - 762*w**2. Let a be r(5). What is the units digit of 1/(((-6)/(-411))/(4/a))?
7
Let t(d) = d**3 - 2*d**2 + 3*d - 5. Let b be t(2). What is the units digit of b - 2/2 - (-10 + -258)?
8
Suppose 0 = 62*l + 8*l - 207678 + 31208. What is the units digit of l?
1
Suppose -3*q = 2*q - 3*w - 34, 0 = -3*q - w + 26. Suppose 0 = -3*r + 5*a + 1242, 7*a - q*a = 0. What is the hundreds digit of r?
4
Let d(k) = 10*k + 60. Suppose -4*c + 136 = 5*x, 12*c - 4*x = 11*c + 13. What is the tens digit of d(c)?
5
Let r = 6421 - 3576. What is the units digit of r?
5
Let s(z) = z**3 - 3*z**2 - 6*z + 15. Suppose -u = 3*u - 24. Let q be s(u). Suppose 0 = -0*m + 5*m - 3*x - 407, m + 5*x - q = 0. What is the units digit of m?
2
Suppose 2*y - 24 = -8*u + 4*u, -y - 37 = -5*u. Let l = u + -3. Suppose -2*a + 0 - l = 0, 5*j + 4*a - 97 = 0. What is the units digit of j?
1
Let v(w) = -3*w**3 - 14*w**2 + 26*w + 20. Let o(l) = l**3 + 2*l. Let g(p) = -2*o(p) - v(p). What is the units digit of g(-12)?
8
Suppose 2*r + 14*r - 116151 = 317945. What is the tens digit of r?
3
Let l = -91 - -96. Suppose l*h - 8 = 32. Let r(w) = -w**2 + 13*w - 16. What is the tens digit of r(h)?
2
Let n = -133897 - -199519. What is the thousands digit of n?
5
Suppose -3*f - 5*w + 1017 = 0, -409 = -f - 4*w - 63. Suppose -3*j = y - 70, 10*j = 5*y + 9*j - f. What is the units digit of y?
7
Let y(v) = 311*v**2 + v - 58. What is the thousands digit of y(3)?
2
Suppose -11*n + 7*n = -4*q - 136696, 273364 = 8*n - q. What is the ten thousands digit of n?
3
Suppose -4*o - 2 = 2. Let w = 4 + o. What is the tens digit of w/((-15)/(-305)) - -4?
6
Let x be 2/9 + 630/81. Let u be (x + 2/(-2))/(18/18). What is the units digit of 164 - 0 - u/(-7)?
5
Let t(m) = 30*m**2 - 20*m + 339. What is the units digit of t(18)?
9
Let g(k) = 76045*k**3 - 2*k**2 - 216*k + 219. What is the thousands digit of g(1)?
6
Let t(q) = 346*q - 1927. What is the thousands digit of t(39)?
1
Suppose 840 = 6*o - 16*o. Let w = 153 + o. What is the units digit of w?
9
Suppose -j + a = -5*j - 317, 0 = 3*j - 3*a + 234. Let y = j - -83. Suppose 3*b - y*h - 578 = -0*h, 0 = -3*h - 6. What is the hundreds digit of b?
1
Let q = 10832 + 42312. What is the tens digit of q?
4
Let p = -72805 + 104153. What is the units digit of p?
8
Let i = -623 - -625. Suppose -i*t + 2082 = -2*n, -2*t - 6*n + 4*n + 2102 = 0. What is the thousands digit of t?
1
Suppose -60*s = -72*s + 268020. What is the tens digit of s?
3
Suppose 0 = -3*p + 2*k + 115, 5*p + 3*k - 136 = 62. Let h = p - 36. Suppose -h*s = -11 - 91. What is the tens digit of s?
3
Let d = 53367 - 24049. What is the ten thousands digit of d?
2
Let h(r) = -271*r**3 + r**2 + r. Let b be h(-1). Suppose 17*x = -21*x - 6232. Let i = x + b. What is the hundreds digit of i?
1
Suppose -246*t + 674064 = -210*t. What is the tens digit of t?
2
Suppose 0 = -5*q + q. Let g = -3064 - -3152. Suppose q = -2*d + 10*d - g. What is the units digit of d?
1
Suppose 6*s - 15 = s. Suppose -9 = -2*j + d, -3*j + 0*d + 18 = -s*d. Suppose 0 = -j*u + 109 + 95. What is the units digit of u?
8
Suppose 12621 + 5336 + 3013 = 5*u. What is the thousands digit of u?
4
Let n(p) = -2*p**3 - 6*p - 4. Let k be n(-2). Suppose 3*d - k = -t, -1 = 2*d - 7. Let q = 8 + t. What is the units digit of q?
3
Let m = 14 - 44. Let q = -4552 + 4820. Let j = m + q. What is the tens digit of j?
3
Suppose 0 = -3*w - 2*w - 10, p = -2*w + 49. What is the units digit of p + -1 + 30/(10 - 4)?
7
Suppose 5*g = 2*m + 12, -3*m + 5*g = -0*m + 13. Let w be (-11 + 16)*(13 - m). Suppose -15*f + 280 - w = 0. What is the units digit of f?
4
Suppose 70196 = 867*t - 844*